ime factors of 1055.
5, 211
What are the prime factors of 1753?
1753
List the prime factors of 72816.
2, 3, 37, 41
List the prime factors of 949.
13, 73
List the prime factors of 7985.
5, 1597
What are the prime factors of 8026?
2, 4013
List the prime factors of 1567.
1567
What are the prime factors of 15191?
11, 1381
What are the prime factors of 1517?
37, 41
What are the prime factors of 3551?
53, 67
List the prime factors of 12136.
2, 37, 41
What are the prime factors of 1460?
2, 5, 73
What are the prime factors of 5624?
2, 19, 37
List the prime factors of 2414.
2, 17, 71
What are the prime factors of 45289?
45289
List the prime factors of 6509.
23, 283
List the prime factors of 36194.
2, 18097
List the prime factors of 45570.
2, 3, 5, 7, 31
List the prime factors of 1969.
11, 179
List the prime factors of 24326.
2, 12163
List the prime factors of 701.
701
List the prime factors of 2083.
2083
What are the prime factors of 1503?
3, 167
What are the prime factors of 3514?
2, 7, 251
What are the prime factors of 5869?
5869
What are the prime factors of 4326?
2, 3, 7, 103
What are the prime factors of 95794?
2, 211, 227
What are the prime factors of 28091?
7, 4013
List the prime factors of 611.
13, 47
List the prime factors of 17778.
2, 3, 2963
What are the prime factors of 4041?
3, 449
What are the prime factors of 1150?
2, 5, 23
List the prime factors of 2881.
43, 67
What are the prime factors of 1740?
2, 3, 5, 29
List the prime factors of 59022.
2, 3, 1093
What are the prime factors of 11572?
2, 11, 263
List the prime factors of 8267.
7, 1181
List the prime factors of 854.
2, 7, 61
What are the prime factors of 33551?
7, 4793
List the prime factors of 40025.
5, 1601
What are the prime factors of 245?
5, 7
What are the prime factors of 89400?
2, 3, 5, 149
List the prime factors of 1823.
1823
What are the prime factors of 4065?
3, 5, 271
List the prime factors of 4992.
2, 3, 13
List the prime factors of 22488.
2, 3, 937
List the prime factors of 1013.
1013
List the prime factors of 732.
2, 3, 61
List the prime factors of 565.
5, 113
What are the prime factors of 8283?
3, 11, 251
What are the prime factors of 3364?
2, 29
List the prime factors of 59085.
3, 5, 13, 101
What are the prime factors of 31609?
73, 433
List the prime factors of 49766.
2, 149, 167
List the prime factors of 737.
11, 67
List the prime factors of 87993.
3, 3259
What are the prime factors of 12865?
5, 31, 83
What are the prime factors of 11782?
2, 43, 137
What are the prime factors of 48512?
2, 379
What are the prime factors of 54119?
13, 23, 181
List the prime factors of 699.
3, 233
What are the prime factors of 20276?
2, 37, 137
List the prime factors of 45379.
23, 1973
What are the prime factors of 6464?
2, 101
What are the prime factors of 27509?
27509
List the prime factors of 53105.
5, 13, 19, 43
What are the prime factors of 686?
2, 7
What are the prime factors of 3776?
2, 59
List the prime factors of 30762.
2, 3, 1709
List the prime factors of 3520.
2, 5, 11
What are the prime factors of 65828?
2, 7, 2351
What are the prime factors of 522?
2, 3, 29
What are the prime factors of 34056?
2, 3, 11, 43
List the prime factors of 49588.
2, 7, 11, 23
List the prime factors of 2915.
5, 11, 53
List the prime factors of 32387.
139, 233
What are the prime factors of 8783?
8783
List the prime factors of 1160.
2, 5, 29
List the prime factors of 22114.
2, 11057
List the prime factors of 23344.
2, 1459
List the prime factors of 938.
2, 7, 67
What are the prime factors of 785?
5, 157
List the prime factors of 48939.
3, 11, 1483
List the prime factors of 1496.
2, 11, 17
What are the prime factors of 161857?
17, 9521
List the prime factors of 137165.
5, 7, 3919
List the prime factors of 910.
2, 5, 7, 13
What are the prime factors of 16992?
2, 3, 59
What are the prime factors of 52838?
2, 29, 911
List the prime factors of 1986.
2, 3, 331
List the prime factors of 7137.
3, 13, 61
List the prime factors of 1737.
3, 193
List the prime factors of 3126.
2, 3, 521
List the prime factors of 2594.
2, 1297
List the prime factors of 3166.
2, 1583
List the prime factors of 4409.
4409
List the prime factors of 26144.
2, 19, 43
List the prime factors of 7662.
2, 3, 1277
What are the prime factors of 974?
2, 487
What are the prime factors of 1265?
5, 11, 23
List the prime factors of 174.
2, 3, 29
List the prime factors of 138.
2, 3, 23
What are the prime factors of 10017?
3, 7, 53
List the prime factors of 27268.
2, 17, 401
What are the prime factors of 1443?
3, 13, 37
What are the prime factors of 3060?
2, 3, 5, 17
List the prime factors of 97568.
2, 3049
List the prime factors of 7401.
3, 2467
List the prime factors of 2966.
2, 1483
List the prime factors of 1892.
2, 11, 43
What are the prime factors of 65092?
2, 16273
What are the prime factors of 4686?
2, 3, 11, 71
List the prime factors of 16314.
2, 3, 2719
List the prime factors of 15155.
5, 7, 433
List the prime factors of 3696.
2, 3, 7, 11
List the prime factors of 1888.
2, 59
What are the prime factors of 410?
2, 5, 41
What are the prime factors of 45761?
67, 683
List the prime factors of 16469.
43, 383
List the prime factors of 61.
61
List the prime factors of 66569.
66569
What are the prime factors of 9356?
2, 2339
What are the prime factors of 40756?
2, 23, 443
List the prime factors of 2479.
37, 67
What are the prime factors of 8924?
2, 23, 97
What are the prime factors of 1207?
17, 71
List the prime factors of 5781.
3, 41, 47
List the prime factors of 4627.
7, 661
List the prime factors of 347.
347
What are the prime factors of 103249?
223, 463
What are the prime factors of 12295?
5, 2459
What are the prime factors of 99243?
3, 11027
List the prime factors of 513.
3, 19
What are the prime factors of 50933?
31, 53
What are the prime factors of 1620?
2, 3, 5
What are the prime factors of 14308?
2, 7, 73
List the prime factors of 59588.
2, 14897
What are the prime factors of 3082?
2, 23, 67
List the prime factors of 356.
2, 89
List the prime factors of 995.
5, 199
List the prime factors of 4669.
7, 23, 29
What are the prime factors of 141260?
2, 5, 7, 1009
List the prime factors of 1219.
23, 53
List the prime factors of 4916.
2, 1229
List the prime factors of 8659.
7, 1237
What are the prime factors of 10225?
5, 409
List the prime factors of 13752.
2, 3, 191
List the prime factors of 1666.
2, 7, 17
List the prime factors of 1981.
7, 283
List the prime factors of 175.
5, 7
What are the prime factors of 4385?
5, 877
List the prime factors of 42119.
7, 11, 547
List the prime factors of 2987.
29, 103
List the prime factors of 8169.
3, 7, 389
What are the prime factors of 1659?
3, 7, 79
List the prime factors of 611.
13, 47
What are the prime factors of 14442?
2, 3, 29, 83
List the prime factors of 8162.
2, 7, 11, 53
List the prime factors of 404.
2, 101
List the prime factors of 39723.
3, 13241
List the prime factors of 575.
5, 23
List the prime factors of 24072.
2, 3, 17, 59
List the prime factors of 16240.
2, 5, 7, 29
List the prime factors of 9771.
3, 3257
List the prime factors of 20404.
2, 5101
List the prime factors of 54592.
2, 853
List the prime factors of 23366.
2, 7, 1669
What are the prime factors of 1399?
1399
List the prime factors of 105150.
2, 3, 5, 701
List the prime factors of 88822.
2, 89, 499
List the prime factors of 406.
2, 7, 29
List the prime factors of 560.
2, 5, 7
What are the prime factors of 172003?
13, 101, 131
List the prime factors of 4893.
3, 7, 233
What are the prime factors of 1558?
2, 19, 41
List the prime factors of 9405.
3, 5, 11, 19
What are the prime factors of 135209?
135209
What are the prime factors of 38528?
2, 7, 43
List the prime factors of 17653.
127, 139
What are the prime factors of 344?
2, 43
List the prime factors of 62525.
5, 41, 61
List the prime factors of 1097.
1097
What are the prime factors of 62527?
31, 2017
What are the prime factors of 9267?
3, 3089
What are the prime factors of 4776?
2, 3, 199
List the prime factors of 162588.
2, 3, 17, 797
List the prime factors of 19273.
19273
What are the prime factors of 60529?
7, 8647
What are the prime factors of 420?
2, 3, 5, 7
List the prime factors of 3303.
3, 367
What are the prime factors of 4688?
2, 293
List the prime factors of 1799.